 a prime number?
False
Is 77384887 a composite number?
True
Is 82847 a prime number?
True
Is 87671641 a composite number?
True
Is 701383 a prime number?
True
Is 2316653 a prime number?
True
Is 85465759 composite?
False
Is 318808797 composite?
True
Is 50654869 a prime number?
True
Is 120253607 composite?
False
Is 101466187 a composite number?
False
Is 38494937 a prime number?
False
Is 25314613 a prime number?
False
Is 20728339 prime?
True
Is 15732791 composite?
True
Is 341843 a composite number?
True
Is 19621513 a prime number?
False
Is 8400461 prime?
True
Is 10838281 a prime number?
True
Is 97499099 composite?
False
Is 101477533 a composite number?
True
Is 258670331 prime?
True
Is 34286027 a prime number?
False
Is 342621159 composite?
True
Is 108815191 prime?
True
Is 13174669 a prime number?
True
Is 3482459 a prime number?
False
Is 8526173 composite?
False
Is 614623 prime?
True
Is 68216911 composite?
True
Is 11069843 composite?
False
Is 12637543 composite?
True
Is 461647 composite?
True
Is 599899 a composite number?
False
Is 6893053 prime?
False
Is 1129661177 prime?
True
Is 9107027 composite?
False
Is 1151629 prime?
True
Is 23512681 prime?
True
Is 128967919 prime?
False
Is 2795041 composite?
True
Is 21350759 composite?
True
Is 16780537 composite?
False
Is 3723961 prime?
False
Is 14816254 a prime number?
False
Is 3914143 a prime number?
True
Is 276209 a prime number?
True
Is 37967473 a prime number?
False
Is 2009039 a prime number?
True
Is 17270965 composite?
True
Is 82410346 a prime number?
False
Is 194555587 prime?
False
Is 2619029717 a prime number?
True
Is 15684947 prime?
True
Is 1168523 a prime number?
True
Is 493538149 composite?
True
Is 10221691 composite?
True
Is 241118002 composite?
True
Is 9287731 prime?
False
Is 2643854 prime?
False
Is 4177793 prime?
True
Is 3880337 a prime number?
True
Is 50209673 a prime number?
True
Is 1259243 composite?
False
Is 14353027 prime?
False
Is 139861 a composite number?
False
Is 47530939 composite?
True
Is 5265829 composite?
False
Is 1202989 prime?
False
Is 95902057 prime?
False
Is 10597387 composite?
True
Is 72864761 a composite number?
False
Is 208405039 a composite number?
False
Is 177701 prime?
False
Is 695369 prime?
True
Is 1519151 prime?
False
Is 2117491 a prime number?
False
Is 75555947 a prime number?
True
Is 1086557 a composite number?
False
Is 418391 prime?
True
Is 148590041 composite?
True
Is 2749883 a composite number?
False
Is 23215191 a composite number?
True
Is 647641 a prime number?
True
Is 163273 prime?
False
Is 59243911 composite?
False
Is 15750947 prime?
True
Is 12241937 a composite number?
True
Is 17461429 composite?
False
Is 4374581 a composite number?
True
Is 3253043 a composite number?
False
Is 2618717 prime?
True
Is 8535167 a composite number?
True
Is 4942789 a composite number?
True
Is 35668939 prime?
True
Is 290691463 composite?
False
Is 162467713 prime?
False
Is 3916271 a prime number?
True
Is 4119215 a prime number?
False
Is 2966009 a composite number?
False
Is 477727243 prime?
False
Is 697361 a prime number?
False
Is 66314293 prime?
True
Is 144477449 prime?
False
Is 1248511 composite?
True
Is 3358847 prime?
True
Is 148385409 prime?
False
Is 99406849 composite?
True
Is 6397091 composite?
True
Is 3520533 composite?
True
Is 2252441 composite?
False
Is 388159 a composite number?
False
Is 619303 a prime number?
True
Is 55802819 a prime number?
False
Is 274358819 composite?
True
Is 3555997 prime?
False
Is 99464291 a prime number?
True
Is 134723213 composite?
True
Is 1652339 a composite number?
True
Is 12164699 a prime number?
True
Is 14614861 a prime number?
True
Is 9944815 a composite number?
True
Is 25009591 a composite number?
True
Is 29829323 a composite number?
False
Is 173034877 composite?
True
Is 1481141 composite?
True
Is 170227481 prime?
True
Is 774577 composite?
False
Is 14312531 composite?
True
Is 374249 a prime number?
False
Is 30852281 a prime number?
True
Is 170431 a prime number?
False
Is 5060827 a composite number?
False
Is 103380703 a prime number?
True
Is 13352491 composite?
False
Is 735581611 a composite number?
False
Is 6619211 composite?
False
Is 6790471 a composite number?
False
Is 32239019 a composite number?
False
Is 11532737 a composite number?
False
Is 71031773 a prime number?
True
Is 4562801 a prime number?
False
Is 111373993 a composite number?
False
Is 2624227 prime?
False
Is 2060243 a prime number?
True
Is 14702585 a composite number?
True
Is 683489 composite?
False
Is 1804697 a composite number?
True
Is 507506297 a composite number?
False
Is 12863986 prime?
False
Is 71017 a composite number?
True
Is 2892403 a prime number?
True
Is 2011409 prime?
True
Is 2891453 prime?
True
Is 5399207 a prime number?
False
Is 14624383 composite?
True
Is 4598029 a composite number?
True
Is 2736623 prime?
True
Is 49981291 prime?
False
Is 4434601 composite?
True
Is 721596581 a composite number?
False
Is 478891873 a composite number?
False
Is 2966387 a prime number?
False
Is 14313683 a prime number?
True
Is 11987749 prime?
False
Is 11445243 composite?
True
Is 10917743 a composite number?
True
Is 326799437 a prime number?
True
Is 1598843 prime?
True
Is 679373357 prime?
False
Is 579661 a prime number?
False
Is 112824583 a prime number?
False
Is 5344663 a composite number?
False
Is 26073907 prime?
True
Is 1074547 composite?
True
Is 293597159 prime?
True
Is 6963113 prime?
True
Is 12130159 a prime number?
True
Is 13162871 a composite number?
False
Is 5723119 a prime number?
True
Is 1236793 a composite number?
True
Is 183415501 a prime number?
False
Is 3689327 a prime number?
True
Is 3234551 composite?
False
Is 92735681 prime?
True
Is 39747215 prime?
False
Is 3482503 prime?
False
Is 102525569 composite?
False
Is 1379405 composite?
True
Is 7625489 a prime number?
False
Is 2874696049 a prime number?
True
Is 752738362 composite?
True
Is 40645609 prime?
True
Is 18101 a prime number?
False
Is 5848303 prime?
True
Is 737884897 a prime number?
True
Is 65572783 a prime number?
False
Is 325571 a composite number?
False
Is 7151601 a composite number?
True
Is 603947 a prime number?
True
Is 260104583 composite?
False
Is 204538879 composite?
False
Is 2710789 prime?
False
Is 11323763 a prime number?
False
Is 40733087 prime?
True
Is 58224419 composite?
True
Is 6522213 prime?
False
Is 34620181 composite?
True
Is 254803 a prime number?
True
Is 371772409 a composite number?
False
Is 504027341 composite?
True
Is 12809301 composite?
True
Is 13904689 prime?
False
Is 5138657 a composite number?
False
Is 13242497 prime?
True
Is 114600737 a prime number?
False
Is 2281163 prime?
False
Is 5007643 a prime number?
True
Is 10210862 a composite number?
True
Is 141809959 a prime number?
False
Is 2561011 composite?
True
Is 14991737 a prime number?
True
Is 353063 a prime number?
False
Is 30839807 a prime number?
True
Is 25551341 a composite number?
True
Is 2828063 prime?
False
Is 251383843 a composite number?
True
Is 34763021 prime?
False
Is 46957 prime?
True
Is 28236301 prime?
False
Is 2770085 prime?
False
Is 11164579 a composite number?
True
Is 11522669 prime?
False
Is 11044171 composite?
False
Is 4282319 a composite number?
False
Is 325871339 prime?
True
Is 954632639 composite?
False
Is 13818983 a composite number?
True
Is 3553241 composite?
False
Is 1770233 composite?
False
Is 1485599 prime?
True
Is 49039385 a prime number?
False
Is 18582563 a composite number?
False
Is 7952789 composite?
True
Is 31176737 a composite number?
False
Is 2253686 prime?
False
Is 100660178 a prime number?
False
Is 37002619 a composite number?
False
Is 26441897 a prime number?
True
Is 26242507 a prime number?
False
Is 24349169 prime?
False
Is 2412941 a composite number?
False
Is 19984301 composite?
False
Is 27070873 a prime number?
False
Is 3098593 a prime number?
False
Is 3999283 a composite number?
False
Is 4367557 composite?
False
Is 99880471 prime?
True
Is 420337 prime?
False
Is 67756687 prime?
False
Is 3022601 a prime number?
True
Is 7532183 prime?
False
Is 513780521 prime?
True
Is 144014081 composite?
False
Is 13427201 composite?
False
Is 3943613 a prime number?
True
Is 874483399 a composite number?
False
Is 72205765 prime?
False
Is 135396797 a prime number?
True
Is 4685363 a composite number?
True
Is 11674171 prime?
Tr